{"id":25,"date":"2025-05-23T02:33:34","date_gmt":"2025-05-23T00:33:34","guid":{"rendered":"https:\/\/krzysiek.czyzn.pl\/?page_id=25"},"modified":"2025-06-07T19:50:48","modified_gmt":"2025-06-07T17:50:48","slug":"regulamin","status":"publish","type":"page","link":"https:\/\/pielgrzymkarowerowa.org\/index.php\/regulamin\/","title":{"rendered":"regulamin"},"content":{"rendered":"\n<p class=\"has-black-color has-text-color has-link-color wp-elements-4f96cbeb0178a17bffa225aa5c4a4973\">Regulamin rowerowej Pielgrzymki Diecezji Warszawskiej z parafii \u015aw. Jadwigi w Milan\u00f3wku<br>na Jasn\u0105 G\u00f3r\u0119<\/p>\n\n\n\n<hr class=\"wp-block-separator has-alpha-channel-opacity\"\/>\n\n\n\n<p><strong>I. Zasady og\u00f3lne:<\/strong><\/p>\n\n\n\n<ol class=\"wp-block-list\">\n<li>Ka\u017cdy pielgrzym przed udzia\u0142em w Rowerowej Pielgrzymce Diecezji Warszawskiej Parafii \u015aw. Jadwigi w Milan\u00f3wku na Jasn\u0105 G\u00f3r\u0119 powinien zapozna\u0107 si\u0119 z niniejszym regulaminem i zaakceptowa\u0107 jego warunki.<\/li>\n\n\n\n<li>Pielgrzymka jest wy\u0142\u0105cznie aktem religijno \u2013 pokutnym, kt\u00f3remu towarzyszy:\n<ul class=\"wp-block-list\">\n<li><span style=\"font-size: 1.25rem;\">wysi\u0142ek fizyczny \u2013 trud pokonywania trasy rowerowej, skromno\u015b\u0107 posi\u0142ku, niewygody nocleg\u00f3w, trosk\u0119 o innych,<\/span><\/li>\n\n\n\n<li>wysi\u0142ek duchowy \u2013 \u017cycie z Chrystusem, obecnym w S\u0142owie i Eucharystii, w modlitwie i w pie\u015bni, w gwarze i ciszy.<\/li>\n<\/ul>\n<\/li>\n\n\n\n<li>Jedziemy razem jako wsp\u00f3lnota, rodzina pielgrzymkowa \u2014 zwracamy si\u0119 do siebie po imieniu lub \u201ebracie\/siostro\u201d.<\/li>\n\n\n\n<li>Jeste\u015bmy dla siebie \u017cyczliwi, wra\u017cliwi na potrzeby i zm\u0119czenie innych, szczeg\u00f3lnie s\u0142abszych i dzieci.<\/li>\n\n\n\n<li>Na pielgrzymim szlaku okazujemy wdzi\u0119czno\u015b\u0107 wobec spotkanych ludzi za ka\u017cdy, nawet najmniejszy gest dobroci.<\/li>\n<\/ol>\n\n\n\n<hr class=\"wp-block-separator has-alpha-channel-opacity\"\/>\n\n\n\n<p><strong>II. Zasady pielgrzymowania:<\/strong><\/p>\n\n\n\n<ol class=\"wp-block-list\">\n<li>Wszelkiego rodzaju niewygody, zm\u0119czenie, niepogoda, upa\u0142, skromne jedzenie, brak odpowiednich warunk\u00f3w sanitarnych, niewygody nocleg\u00f3w itp. s\u0105 \u201ewpisane\u201d w charakter naszego podr\u00f3\u017cowania na Jasn\u0105 G\u00f3r\u0119.<\/li>\n\n\n\n<li>Ka\u017cdy uczestnik Pielgrzymki bierze udzia\u0142 we&nbsp;Mszy \u015awi\u0119tej, modlitwie, nabo\u017ce\u0144stwach, apelach, itp.<\/li>\n\n\n\n<li>W czasie Pielgrzymki uczestnicy nie pal\u0105 i nie pij\u0105 alkoholu.<\/li>\n\n\n\n<li>Wszystkich pielgrzym\u00f3w obowi\u0105zuje cisza nocna po godzinie 22:00.<\/li>\n\n\n\n<li>Staramy si\u0119 oszcz\u0119dnie korzysta\u0107 z wody w domach i szko\u0142ach.<\/li>\n\n\n\n<li>Ka\u017cdy pielgrzym przestrzega zalece\u0144 kierownika pielgrzymki, przewodnik\u00f3w grup i s\u0142u\u017cby porz\u0105dkowej.<\/li>\n\n\n\n<li>Uczestnicy Pielgrzymki nosz\u0105 kamizelk\u0119 odblaskow\u0105 w czasie drogi. Obowi\u0105zuje str\u00f3j praktyczny, wygodny i skromny. Ka\u017cdego pielgrzyma w czasie jazdy rowerem obowi\u0105zuje kask ochrony.<\/li>\n\n\n\n<li>Ka\u017cdy pielgrzym powinien mie\u0107 ze sob\u0105:\n<ul class=\"wp-block-list\">\n<li>prowiant podczas podr\u00f3\u017cy<\/li>\n\n\n\n<li>napoje<\/li>\n\n\n\n<li>okrycie przeciwdeszczowe<\/li>\n\n\n\n<li>\u015brodki opatrunkowe<\/li>\n\n\n\n<li>leki osobiste<\/li>\n\n\n\n<li>dokumenty, b\u0105d\u017a ich kserokopi\u0119<\/li>\n<\/ul>\n<\/li>\n\n\n\n<li>Osoby do lat 18 musz\u0105 posiada\u0107 zgod\u0119 rodzic\u00f3w, b\u0105d\u017a prawnych opiekun\u00f3w, na udzia\u0142 w pielgrzymce.<\/li>\n\n\n\n<li>Ka\u017cdy pielgrzym jest ca\u0142kowicie odpowiedzialny za swoje rzeczy i zabezpieczenie roweru. Organizator nie bierze odpowiedzialno\u015bci za rzeczy zaginione, skradzione lub uszkodzone.<\/li>\n\n\n\n<li>Pielgrzym, kt\u00f3ry dopu\u015bci\u0142by si\u0119 ze zniszczenia przedmiot\u00f3w nale\u017c\u0105cych do \u201egospodarzy\u201d, ponosi ca\u0142kowit\u0105 odpowiedzialno\u015b\u0107 i zobowi\u0105zuje si\u0119 do ich odkupienia lub wyr\u00f3wnania szkody.<\/li>\n<\/ol>\n\n\n\n<hr class=\"wp-block-separator has-alpha-channel-opacity\"\/>\n\n\n\n<p><strong>III. Zasady poruszania si\u0119 pojazd\u00f3w:<\/strong><\/p>\n\n\n\n<ol class=\"wp-block-list\">\n<li>Pielgrzym przestrzega przepis\u00f3w poruszania si\u0119 na drogach publicznych.<\/li>\n\n\n\n<li>Trasa Pielgrzymki przebiega\u0107 b\u0119dzie po drogach le\u015bnych jak i po drogach publicznych o zmiennym nat\u0119\u017ceniu ruchu z przewag\u0105 \u015bredniego i niskiego.<\/li>\n\n\n\n<li>Pielgrzym ma obowi\u0105zek stosowa\u0107 si\u0119 do przepis\u00f3w ruchu drogowego, jak wszyscy inni kieruj\u0105cy pojazdami.<\/li>\n\n\n\n<li>Pielgrzymem \u2013 rowerzyst\u0105 mo\u017ce by\u0107 osoba, kt\u00f3ra osi\u0105gn\u0119\u0142a wymagany wiek tj. 10 lat, jest sprawna pod wzgl\u0119dem fizycznym i psychicznym oraz posiada wymagane umiej\u0119tno\u015bci do kierowania rowerem w spos\u00f3b nie zagra\u017caj\u0105cy bezpiecze\u0144stwu ruchu drogowego i nie nara\u017caj\u0105cy kogokolwiek na szkod\u0119.<\/li>\n\n\n\n<li>Wyposa\u017ceniem obowi\u0105zkowym Pielgrzyma jest kask.<\/li>\n\n\n\n<li>Dziecko w wieku do 9 lat mo\u017ce by\u0107 przewo\u017cone na rowerze pod warunkiem, \u017ce jest ono umieszczone na dodatkowym siode\u0142ku zapewniaj\u0105cym bezpieczn\u0105 jazd\u0119.<\/li>\n\n\n\n<li>Rower musi by\u0107 sprawny i mie\u0107 dzwonek, oraz posiada\u0107 \u015bwiat\u0142o samodzielnie \u015bwiec\u0105ce z przodu koloru bia\u0142ego oraz z ty\u0142u koloru czerwonego.<\/li>\n\n\n\n<li>W czasie jazdy nale\u017cy zachowywa\u0107 szczeg\u00f3ln\u0105 ostro\u017cno\u015b\u0107, oraz unika\u0107 wszelkiego dzia\u0142ania, kt\u00f3re mog\u0142oby spowodowa\u0107 zagro\u017cenie bezpiecze\u0144stwa w nast\u0119puj\u0105cych sytuacjach:\n<ul class=\"wp-block-list\">\n<li>w\u0142\u0105czanie si\u0119 do ruchu, zmiana kierunku jazdy lub zajmowanego pasa ruchu,<\/li>\n\n\n\n<li>zbli\u017canie si\u0119 do skrzy\u017cowania,<\/li>\n\n\n\n<li>przej\u015bcia dla pieszych,<\/li>\n\n\n\n<li>przejazdu kolejowego,<\/li>\n\n\n\n<li>jazda w czasie deszczu lub bezpo\u015brednio po nim,<\/li>\n<\/ul>\n<\/li>\n\n\n\n<li>Kieruj\u0105cemu rowerem zabrania si\u0119:\n<ul class=\"wp-block-list\">\n<li>jazdy po jezdni obok innego uczestnika ruchu tj. innego rowerzysty,<\/li>\n\n\n\n<li>jazdy bez trzymania co najmniej jednej r\u0119ki na kierownicy oraz n\u00f3g na peda\u0142ach,<\/li>\n\n\n\n<li>trzymania si\u0119 pojazd\u00f3w czy innych uczestnik\u00f3w,<\/li>\n\n\n\n<li>korzystania podczas jazdy z telefonu wymagaj\u0105cego trzymania s\u0142uchawki lub mikrofonu w r\u0119ku,<\/li>\n<\/ul>\n<\/li>\n\n\n\n<li>Liczba rower\u00f3w jad\u0105cych w zorganizowanej kolumnie nie mo\u017ce przekracza\u0107 15.<\/li>\n\n\n\n<li>Odleg\u0142o\u015b\u0107 mi\u0119dzy jad\u0105cymi kolumnami rower\u00f3w nie mo\u017ce by\u0107 mniejsza ni\u017c 200 m.<\/li>\n\n\n\n<li>Jazda odbywa si\u0119 w tempie wyznaczonym przez prowadz\u0105cego grup\u0119.<\/li>\n\n\n\n<li>Zabrania si\u0119 w czasie jazdy wyprzedzania innych pielgrzym\u00f3w oraz gwa\u0142townego przyspieszania czy hamowania.<\/li>\n\n\n\n<li>Organizator ka\u017cdego dnia na trasie pielgrzymowania zapewnia:\n<ul class=\"wp-block-list\">\n<li>transport baga\u017cu,<\/li>\n\n\n\n<li>wsparcie techniczne na trasie,<\/li>\n\n\n\n<li>opiek\u0119 medyczn\u0105,<\/li>\n\n\n\n<li>bezpieczne postoje.<\/li>\n<\/ul>\n<\/li>\n<\/ol>\n\n\n\n<hr class=\"wp-block-separator has-alpha-channel-opacity\"\/>\n\n\n\n<p><strong>IV. Op\u0142aty:<\/strong><\/p>\n\n\n\n<p>Op\u0142ata pielgrzymkowa obejmuje:<\/p>\n\n\n\n<ul class=\"wp-block-list\">\n<li>koszukla z nadrukiem<\/li>\n\n\n\n<li>kamizelka odblaskowa<\/li>\n\n\n\n<li>ubezpieczenie NNW (ubezpieczenie od nast\u0119pstw nieszcz\u0119\u015bliwych wypadk\u00f3w),<\/li>\n\n\n\n<li>op\u0142ata za samoch\u00f3d techniczny,<\/li>\n\n\n\n<li>transport baga\u017cu,<\/li>\n\n\n\n<li>zakwaterowanie i nocleg ze \u015bniadaniem w hotelach wybranych przez organizatora,<\/li>\n<\/ul>\n\n\n\n<p>Op\u0142at\u0119 nale\u017cy ui\u015bci\u0107 za pomoc\u0105 przelewu na rachunek bankowy ING<\/p>\n\n\n\n<p><strong>85 1050 1924 1000 0022 9462 3224<\/strong><\/p>\n\n\n\n<p>Organizator nie zapewnia oraz nie pokrywa koszt\u00f3w zwi\u0105zanych z powrotem uczestnik\u00f3w z  pielgrzymki.<\/p>\n\n\n\n<hr class=\"wp-block-separator has-alpha-channel-opacity\"\/>\n\n\n\n<p><strong>V. Media:<\/strong><\/p>\n\n\n\n<ol class=\"wp-block-list\">\n<li>Podczas Pielgrzymki wykonywane jest utrwalenie wizerunku Pielgrzyma, poprzez wykonywanie fotografii oraz relacji filmowych.<br>S\u0105 one wykorzystywane w celach promocyjnych Rowerowej Pielgrzymki Milanowskiej. Zdj\u0119cia te b\u0119d\u0105 publikowane wy\u0142\u0105cznie: \n<ul class=\"wp-block-list\">\n<li>na naszej stronie internetowej <a href=\"http:\/\/www.pielgrzymkarowerowa.org\" data-type=\"link\" data-id=\"http:\/\/www.pielgrzymkarowerowa.org\">www.pielgrzymkarowerowa.org<\/a><\/li>\n\n\n\n<li>na portalach spo\u0142eczno\u015bciowych,<\/li>\n\n\n\n<li>na materia\u0142ach promocyjnych: ulotki, plakaty, itp.<\/li>\n\n\n\n<li>na pami\u0105tkowych p\u0142ytach, kt\u00f3re s\u0105 co roku rozprowadzane podczas spotkania popielgrzymkowego,<\/li>\n<\/ul>\n<\/li>\n\n\n\n<li>Ka\u017cdy uczestnik rejestruj\u0105c si\u0119 i akceptuj\u0105c Regulamin wyra\u017ca zgod\u0119 na nieodp\u0142atne wykorzystanie swojego wizerunku utrwalonego na fotografiach oraz filmach w celach promocyjnych Rowerowej Pielgrzymki Diecezji Warszawskiej na Jasn\u0105 G\u00f3r\u0119 poprzez ich publikacj\u0119 na powy\u017cej wymienionych portalach oraz cyfrowym no\u015bniku danych.<\/li>\n<\/ol>\n\n\n\n<hr class=\"wp-block-separator has-alpha-channel-opacity\"\/>\n\n\n\n<p><strong>VI. Ochrona danych osobowych:<\/strong><\/p>\n\n\n\n<p class=\"has-black-color has-text-color has-link-color wp-elements-2dd2f560d7fc23f5b147e3bfaab30286\">art. 6 ust. 1 lit. f w zakresie realizacji cel\u00f3w wynikaj\u0105cych z prawnie uzasadnionych interes\u00f3w realizowanych przez administratora, jak sprawna organizacja przebiegu pielgrzymki oraz zapewnienie zgodno\u015bci z prawem realizowanej inicjatywy, a tak\u017ce opracowanie i publikacja materia\u0142\u00f3w informacyjnych na temat przebiegu pielgrzymki.<\/p>\n\n\n\n<p>Akceptuj\u0105c powy\u017cszy regulamin wyra\u017caj\u0105 Pa\u0144stwo zgod\u0119 na przetwarzanie danych osobowych.<\/p>\n\n\n\n<p>Podstawa prawna przetwarzania danych<br>Od 25 maja&nbsp;2018 roku obowi\u0105zuje Rozporz\u0105dzenie Parlamentu Europejskiego i Rady (UE) 2016\/679 z&nbsp;dnia 27 kwietnia 2016 r. w&nbsp;sprawie ochrony os\u00f3b fizycznych w zwi\u0105zku z przetwarzaniem danych osobowych i&nbsp;w sprawie swobodnego przep\u0142ywu takich danych oraz uchylenia dyrektywy 95\/46\/WE(dalej: RODO). W Ko\u015bciele katolickim sprawy te reguluje Dekret og\u00f3lny w sprawie ochrony os\u00f3b fizycznych w zwi\u0105zku z przetwarzaniem danych osobowych w Ko\u015bciele katolickim wydany przez Konferencj\u0119 Episkopatu Polski z dnia &nbsp;13 marca 2018 r., podczas 378. Zebrania Plenarnego w Warszawie, na podstawie kan. 455 Kodeksu Prawa Kanonicznego, w zwi\u0105zku z art. 18 Statutu KEP, po uzyskaniu specjalnego zezwolenia Stolicy Apostolskiej z dnia 3 czerwca 2017 r.<\/p>\n\n\n\n<p>Cel przetwarzania:<br>Dane osobowe pielgrzym\u00f3w przetwarzane b\u0119d\u0105 wy\u0142\u0105cznie w celach zwi\u0105zanych z organizacj\u0105 Rowerowej Pielgrzymki Diecezji Warszawskiej, zgodnie z jej regulaminem, w szczeg\u00f3lno\u015bci w celu informowania o programie i przebiegu pielgrzymki, konferencjach, zawarcia umowy ubezpieczenia OC pielgrzym\u00f3w oraz innych wydarzeniach o charakterze religijnym i edukacyjnym, jak spotkania popielgrzymkowe, itp.<\/p>\n\n\n\n<p>Dane s\u0105 przetwarzane na podstawie:<\/p>\n\n\n\n<ul class=\"wp-block-list\">\n<li>art. 6 ust. 1 lit. b og\u00f3lnego rozporz\u0105dzenia o ochronie danych osobowych z 27.04.2016 r. (RODO) w zakresie obejmuj\u0105cym realizacj\u0119 us\u0142ugi pielgrzymkowej dla uczestnik\u00f3w,<\/li>\n\n\n\n<li>art. 6 ust. 1 lit. c w zakresie wype\u0142nienia obowi\u0105zku prawnego ci\u0105\u017c\u0105cego na administratorze \u2013 okre\u015blenia uczestnik\u00f3w na wypadek konieczno\u015bci realizacji wytycznych sanitarnych zwi\u0105zanych z COVID-19,<\/li>\n\n\n\n<li>art. 6 ust. 1 lit. d w zakresie niezb\u0119dnym do ochrony \u017cywotnych interes\u00f3w osoby, kt\u00f3rej dane dotycz\u0105, lub innej osoby fizycznej jak ubezpieczenie zdrowotne,<\/li>\n\n\n\n<li>art. 6 ust. 1 lit. f w zakresie realizacji cel\u00f3w wynikaj\u0105cych z prawnie uzasadnionych interes\u00f3w realizowanych przez administratora, jak sprawna organizacja przebiegu pielgrzymki oraz zapewnienie zgodno\u015bci z prawem realizowanej inicjatywy, a tak\u017ce opracowanie i publikacja materia\u0142\u00f3w informacyjnych na temat przebiegu pielgrzymki.<\/li>\n<\/ul>\n","protected":false},"excerpt":{"rendered":"<p>Regulamin rowerowej Pielgrzymki Diecezji Warszawskiej z parafii \u015aw. Jadwigi w Milan\u00f3wkuna Jasn\u0105 G\u00f3r\u0119 I. Zasady og\u00f3lne: II. Zasady pielgrzymowania: III.<\/p>\n<p><a href=\"https:\/\/pielgrzymkarowerowa.org\/index.php\/regulamin\/\" class=\"more-link\">Continue reading<span class=\"screen-reader-text\">regulamin<\/span><\/a><\/p>\n","protected":false},"author":1,"featured_media":0,"parent":0,"menu_order":0,"comment_status":"closed","ping_status":"closed","template":"","meta":{"footnotes":""},"class_list":["post-25","page","type-page","status-publish","hentry"],"_links":{"self":[{"href":"https:\/\/pielgrzymkarowerowa.org\/index.php\/wp-json\/wp\/v2\/pages\/25","targetHints":{"allow":["GET"]}}],"collection":[{"href":"https:\/\/pielgrzymkarowerowa.org\/index.php\/wp-json\/wp\/v2\/pages"}],"about":[{"href":"https:\/\/pielgrzymkarowerowa.org\/index.php\/wp-json\/wp\/v2\/types\/page"}],"author":[{"embeddable":true,"href":"https:\/\/pielgrzymkarowerowa.org\/index.php\/wp-json\/wp\/v2\/users\/1"}],"replies":[{"embeddable":true,"href":"https:\/\/pielgrzymkarowerowa.org\/index.php\/wp-json\/wp\/v2\/comments?post=25"}],"version-history":[{"count":6,"href":"https:\/\/pielgrzymkarowerowa.org\/index.php\/wp-json\/wp\/v2\/pages\/25\/revisions"}],"predecessor-version":[{"id":125,"href":"https:\/\/pielgrzymkarowerowa.org\/index.php\/wp-json\/wp\/v2\/pages\/25\/revisions\/125"}],"wp:attachment":[{"href":"https:\/\/pielgrzymkarowerowa.org\/index.php\/wp-json\/wp\/v2\/media?parent=25"}],"curies":[{"name":"wp","href":"https:\/\/api.w.org\/{rel}","templated":true}]}}