{"id":70,"date":"2025-05-23T18:52:44","date_gmt":"2025-05-23T16:52:44","guid":{"rendered":"https:\/\/krzysiek.czyzn.pl\/?page_id=70"},"modified":"2025-06-07T04:37:21","modified_gmt":"2025-06-07T02:37:21","slug":"oplaty","status":"publish","type":"page","link":"https:\/\/pielgrzymkarowerowa.org\/index.php\/oplaty\/","title":{"rendered":"op\u0142aty"},"content":{"rendered":"\n<p><strong>Op\u0142ata pielgrzymkowa wynosi 700 z\u0142.<\/strong><\/p>\n\n\n\n<p>W ramach powy\u017cszej op\u0142aty organizator zapewnia:<\/p>\n\n\n\n<ul class=\"wp-block-list\">\n<li>koszukla z nadrukiem<\/li>\n\n\n\n<li>kamizelka odblaskowa<\/li>\n\n\n\n<li>ubezpieczenie NNW (ubezpieczenie od nast\u0119pstw nieszcz\u0119\u015bliwych wypadk\u00f3w),<\/li>\n\n\n\n<li>op\u0142ata za samoch\u00f3d techniczny,<\/li>\n\n\n\n<li>transport baga\u017cu,<\/li>\n\n\n\n<li>zakwaterowanie i nocleg ze \u015bniadaniem w hotelach wybranych przez organizatora<\/li>\n<\/ul>\n\n\n\n<p>Op\u0142at\u0119 nale\u017cy ui\u015bci\u0107 za pomoc\u0105 przelewu na rachunek bankowy ING<\/p>\n\n\n\n<p><strong>85 1050 1924 1000 0022 9462 3224<\/strong><\/p>\n\n\n\n<p><em>Op\u0142ata pielgrzymkowa nie obejmuje dodatkowego wy\u017cywienia. Istnieje mo\u017cliwo\u015b\u0107 zakupu w restauracji hotelowej obiadokolacji.<\/em><\/p>\n\n\n\n<p><em>Organizator nie zapewnia oraz nie pokrywa koszt\u00f3w zwi\u0105zanych z powrotem uczestnik\u00f3w z  pielgrzymki.<\/em><\/p>\n\n\n\n<p><\/p>\n","protected":false},"excerpt":{"rendered":"<p>Op\u0142ata pielgrzymkowa wynosi 700 z\u0142. W ramach powy\u017cszej op\u0142aty organizator zapewnia: Op\u0142at\u0119 nale\u017cy ui\u015bci\u0107 za pomoc\u0105 przelewu na rachunek bankowy<\/p>\n<p><a href=\"https:\/\/pielgrzymkarowerowa.org\/index.php\/oplaty\/\" class=\"more-link\">Continue reading<span class=\"screen-reader-text\">op\u0142aty<\/span><\/a><\/p>\n","protected":false},"author":1,"featured_media":0,"parent":0,"menu_order":0,"comment_status":"closed","ping_status":"closed","template":"","meta":{"footnotes":""},"class_list":["post-70","page","type-page","status-publish","hentry"],"_links":{"self":[{"href":"https:\/\/pielgrzymkarowerowa.org\/index.php\/wp-json\/wp\/v2\/pages\/70","targetHints":{"allow":["GET"]}}],"collection":[{"href":"https:\/\/pielgrzymkarowerowa.org\/index.php\/wp-json\/wp\/v2\/pages"}],"about":[{"href":"https:\/\/pielgrzymkarowerowa.org\/index.php\/wp-json\/wp\/v2\/types\/page"}],"author":[{"embeddable":true,"href":"https:\/\/pielgrzymkarowerowa.org\/index.php\/wp-json\/wp\/v2\/users\/1"}],"replies":[{"embeddable":true,"href":"https:\/\/pielgrzymkarowerowa.org\/index.php\/wp-json\/wp\/v2\/comments?post=70"}],"version-history":[{"count":3,"href":"https:\/\/pielgrzymkarowerowa.org\/index.php\/wp-json\/wp\/v2\/pages\/70\/revisions"}],"predecessor-version":[{"id":124,"href":"https:\/\/pielgrzymkarowerowa.org\/index.php\/wp-json\/wp\/v2\/pages\/70\/revisions\/124"}],"wp:attachment":[{"href":"https:\/\/pielgrzymkarowerowa.org\/index.php\/wp-json\/wp\/v2\/media?parent=70"}],"curies":[{"name":"wp","href":"https:\/\/api.w.org\/{rel}","templated":true}]}}